{"id":696,"date":"2026-01-13T08:27:38","date_gmt":"2026-01-13T08:27:38","guid":{"rendered":"https:\/\/r3think.fi\/~rthinkfi\/?page_id=696"},"modified":"2026-01-13T08:38:13","modified_gmt":"2026-01-13T08:38:13","slug":"toimintamalli","status":"publish","type":"page","link":"https:\/\/r3think.fi\/~rthinkfi\/toimintamalli\/","title":{"rendered":""},"content":{"rendered":"\n<h2 class=\"wp-block-heading\" style=\"margin-top:var(--wp--preset--spacing--70);margin-bottom:var(--wp--preset--spacing--70)\">Toimintamalli<\/h2>\n\n\n\n<div class=\"wp-block-group alignfull has-white-background-color has-background is-layout-constrained wp-block-group-is-layout-constrained\" style=\"padding-top:7rem;padding-bottom:7rem\">\n<div class=\"wp-block-columns are-vertically-aligned-center is-layout-flex wp-container-core-columns-is-layout-057bf1b1 wp-block-columns-is-layout-flex\">\n<div class=\"wp-block-column is-layout-flow wp-block-column-is-layout-flow\">\n<h3 class=\"wp-block-heading\">1. Tiedonhallinta ja data-arkkitehtuuri<\/h3>\n\n\n\n<p>Kaikki l\u00e4htee tiedosta. Data syntyy liiketoiminnan prosesseissa ja j\u00e4rjestelmiss\u00e4, ja sen hallinta on edellytys kaikelle jatkokehitykselle.<br><br>Rakennamme yhdess\u00e4 <a href=\"http:\/\/www.finastor.fi\" target=\"_blank\" rel=\"noreferrer noopener\"><span style=\"color: #030bb4;\" class=\"stk-highlight\">Finastorin <\/span><\/a>kanssa selke\u00e4t ja kest\u00e4v\u00e4t tietovarastot data-arkkitehtuurin kulmakiveksi, jotta tieto on luotettavaa, keskitetty\u00e4 ja valmiina hy\u00f6dynnett\u00e4v\u00e4ksi.<\/p>\n\n\n\n<hr class=\"wp-block-separator has-alpha-channel-opacity\"\/>\n\n\n\n<h3 class=\"wp-block-heading\">2. Analytiikka, raportointi ja teko\u00e4ly<\/h3>\n\n\n\n<p>Kun data on hallinnassa, se voidaan muuttaa ymm\u00e4rrykseksi. <br><br>Selke\u00e4t raportit, dashboardit ja analytiikka tukevat p\u00e4\u00e4t\u00f6ksentekoa arjessa, ja tietokeskitetty teko\u00e4ly tuo mukaan ennustamisen ja automaation.<\/p>\n\n\n\n<p>Teko\u00e4ly ei ole irrallinen ratkaisu, vaan luonnollinen jatkumo hyv\u00e4lle tiedonhallinnalle.<\/p>\n\n\n\n<hr class=\"wp-block-separator has-alpha-channel-opacity\"\/>\n\n\n\n<h3 class=\"wp-block-heading\">3. Liiketoimintahy\u00f6ty ja vaikuttavuus<\/h3>\n\n\n\n<p>Teknologia on vain v\u00e4line.<br><br>Meit\u00e4 kiinnostaa ennen kaikkea liiketoiminnan saama hy\u00f6ty: parempi n\u00e4kyvyys, sujuvammat prosessit ja paremmat p\u00e4\u00e4t\u00f6kset.<\/p>\n\n\n\n<p>Ratkaisumme rakennetaan aina liiketoiminnan tavoitteista k\u00e4sin \u2013 <strong>arvo syntyy vasta k\u00e4yt\u00f6ss\u00e4.<\/strong><\/p>\n<\/div>\n\n\n\n<div class=\"wp-block-column is-vertically-aligned-center is-layout-flow wp-block-column-is-layout-flow\">\n<figure class=\"wp-block-image size-full has-custom-border\"><img loading=\"lazy\" decoding=\"async\" width=\"1024\" height=\"1024\" src=\"https:\/\/r3think.fi\/wp-content\/uploads\/2026\/01\/finastor2.webp\" alt=\"\" class=\"wp-image-697\" style=\"border-radius:20px;aspect-ratio:3\/4;object-fit:cover\" srcset=\"https:\/\/r3think.fi\/wp-content\/uploads\/2026\/01\/finastor2.webp 1024w, https:\/\/r3think.fi\/wp-content\/uploads\/2026\/01\/finastor2-300x300.webp 300w, https:\/\/r3think.fi\/wp-content\/uploads\/2026\/01\/finastor2-150x150.webp 150w, https:\/\/r3think.fi\/wp-content\/uploads\/2026\/01\/finastor2-768x768.webp 768w\" sizes=\"auto, (max-width: 1024px) 100vw, 1024px\" \/><\/figure>\n<\/div>\n<\/div>\n<\/div>\n","protected":false},"excerpt":{"rendered":"<p>Toimintamalli 1. Tiedonhallinta ja data-arkkitehtuuri Kaikki l\u00e4htee tiedosta. Data syntyy liiketoiminnan prosesseissa ja j\u00e4rjestelmiss\u00e4, ja sen hallinta on edellytys kaikelle jatkokehitykselle. Rakennamme yhdess\u00e4 Finastorin kanssa selke\u00e4t ja kest\u00e4v\u00e4t tietovarastot data-arkkitehtuurin kulmakiveksi, jotta tieto on luotettavaa, keskitetty\u00e4 ja valmiina hy\u00f6dynnett\u00e4v\u00e4ksi. 2. Analytiikka, raportointi ja teko\u00e4ly Kun data on hallinnassa, se voidaan muuttaa ymm\u00e4rrykseksi. Selke\u00e4t raportit, dashboardit [&hellip;]<\/p>\n","protected":false},"author":1,"featured_media":0,"parent":0,"menu_order":0,"comment_status":"closed","ping_status":"closed","template":"","meta":{"footnotes":""},"class_list":["post-696","page","type-page","status-publish","hentry"],"blocksy_meta":[],"_links":{"self":[{"href":"https:\/\/r3think.fi\/~rthinkfi\/wp-json\/wp\/v2\/pages\/696","targetHints":{"allow":["GET"]}}],"collection":[{"href":"https:\/\/r3think.fi\/~rthinkfi\/wp-json\/wp\/v2\/pages"}],"about":[{"href":"https:\/\/r3think.fi\/~rthinkfi\/wp-json\/wp\/v2\/types\/page"}],"author":[{"embeddable":true,"href":"https:\/\/r3think.fi\/~rthinkfi\/wp-json\/wp\/v2\/users\/1"}],"replies":[{"embeddable":true,"href":"https:\/\/r3think.fi\/~rthinkfi\/wp-json\/wp\/v2\/comments?post=696"}],"version-history":[{"count":3,"href":"https:\/\/r3think.fi\/~rthinkfi\/wp-json\/wp\/v2\/pages\/696\/revisions"}],"predecessor-version":[{"id":709,"href":"https:\/\/r3think.fi\/~rthinkfi\/wp-json\/wp\/v2\/pages\/696\/revisions\/709"}],"wp:attachment":[{"href":"https:\/\/r3think.fi\/~rthinkfi\/wp-json\/wp\/v2\/media?parent=696"}],"curies":[{"name":"wp","href":"https:\/\/api.w.org\/{rel}","templated":true}]}}